) = a**2 + 4*a - 2. Determine z(j).
3
Let m(p) = -p**3 - 18*p**3 + 21*p + 17 + 6*p**3 - 5*p**2 - p**2. Let b(s) = -7*s**3 - 3*s**2 + 11*s + 9. Let h(n) = -11*b(n) + 6*m(n). Determine h(-4).
-1
Let l(q) be the first derivative of 2*q**3/3 + 3*q**2 - 3*q - 170. Calculate l(-5).
17
Let a be (-5)/(-2) - (-3)/(-6). Let w(f) = -4*f + a*f**2 - 10 + 11*f - f**2. Suppose 3*q = 8*q + 35. Give w(q).
-10
Let r(h) = h**3 + 2*h**2 - h + 4. Let u be 455/49 + 2/(-7). Suppose -u + 0 = 3*j. Give r(j).
-2
Let p(g) be the first derivative of -g**2 + 6*g - 80. Determine p(6).
-6
Suppose 0 = -0*t + t + 2. Let o(d) = d**2 - 13*d + 8. Let x be o(12). Let z(s) = -5*s + 4. Let m(u) = u - 1. Let a(l) = x*m(l) - z(l). Determine a(t).
-2
Let b = -2 + 7. Let p(l) be the second derivative of -8*l - 5/6*l**3 + 1/12*l**4 + 3/2*l**2 + 0. Give p(b).
3
Let o(z) be the second derivative of z**6/120 - z**5/10 + 2*z**3/3 - 3*z**2/2 + 11*z. Let v(b) be the first derivative of o(b). Determine v(6).
4
Let l(j) = -j**2 + 6*j - 3. Let k = 62 + -71. Let f be (2 + k/(-6))*(4 - 2). Determine l(f).
-10
Let y be 3*2/(-3) - -2. Let i(f) be the first derivative of f**2/2 + f - 11. What is i(y)?
1
Let y(k) be the second derivative of k**4/6 + k**3/2 - 5*k**2/2 - 66*k. What is y(-5)?
30
Suppose 2*n = -2*c + 10, 3*c = -3*n + c + 14. Let p(d) be the first derivative of 2*d**2 - n + 0*d + 2*d - d**2. Determine p(-2).
-2
Let r(g) = -3*g - 2 + 0 + 2*g**2 - 3*g**2 + 7. Let l be r(-4). Let z(c) = -c + 6*c + 5 - l - 4*c. Give z(-3).
1
Let i(d) = -2*d**2. Let s(q) = 5*q**2 - 8*q + 16. Let k(t) = 3*i(t) + s(t). Give k(-12).
-32
Let p(q) = 4*q + 211. Let j(g) = g + 58. Let c(w) = -22*j(w) + 6*p(w). Determine c(2).
-6
Let y(s) = -s + 14. Suppose -2*o - j = -1, 2*o + 12 = 2*j + 28. Calculate y(o).
11
Let n(w) = 6*w**3 - 2*w**2 + 2*w - 1. Let l be n(1). Let z(d) be the second derivative of -d**5/20 + d**4/3 + 2*d**3/3 - 2490*d. What is z(l)?
-5
Let p(g) = 2*g**3 - 3*g**2 - 5*g + 4. Suppose 0 = -4*a + 7 + 9. Suppose 0 = -4*w + a*h + 24, -7*h - 15 = -2*w - 4*h. Give p(w).
16
Let n = 32 - 37. Let b(y) be the third derivative of 0 + 1/3*y**3 - 1/24*y**4 + y**2 + 0*y. Give b(n).
7
Let p(u) = 6 - u**2 - 2 - 4*u - u**3 - 6*u**2. Let y(d) = d - 6. Suppose -3*k = 4*z - z - 9, -4*k + 3 = z. Let x be y(k). Give p(x).
-8
Let v(x) = -3*x + 4. Let t(w) = w. Let j(m) = 4*m - 1. Let o(q) = j(q) - 5*t(q). Let k(g) = -o(g) - v(g). Determine k(5).
17
Let r(k) = k**3 + 4*k**2 + k + 4. Let c be -4*(-12)/(-9) + (-4)/(-3). Calculate r(c).
0
Let j(t) be the second derivative of 8*t + 0*t**3 + 2*t**2 + 0 + 1/30*t**6 - 1/24*t**4 - 1/60*t**5. Let u(r) be the first derivative of j(r). Determine u(-1).
-4
Let l(i) be the second derivative of 18*i - 1/6*i**3 + 0*i**2 + 0 + 7/12*i**4. What is l(-1)?
8
Let k = -106 + 109. Let y(z) = z**2 - 2 + 6*z - k + 3 + z. Give y(-7).
-2
Let d(r) = 12*r - 9*r**2 + r**3 + 8*r + 14*r - 5 - 25*r. Calculate d(8).
3
Let w(n) = -2*n + 14. Let a be w(10). Let h(j) = -7*j**2 - 7 - 2*j + 35*j**3 + j**2 - 36*j**3. Determine h(a).
5
Let g(j) be the third derivative of j**6/120 + j**5/20 + j**4/12 + j**3/3 - 61*j**2 + 4. Give g(-2).
2
Let q be 8 + 2/((-2)/3). Suppose 2*n - q*n = -9. Let f be 3 - 0 - (0 - n). Let u(m) = -m - 5. Determine u(f).
-11
Let b(x) = -x**2 + 7*x - 9. Let o(h) = -h**2 + 7*h + 9. Let m be o(8). Let p = 7 - m. What is b(p)?
-3
Let g be 0/(-3 + 1) - -2. Suppose -5*r - 2*d = -62, -g*d + 14 = -r + 2*r. Let c = r - 16. Let j(n) = -n**3 - 5*n**2 - 5*n + 3. Give j(c).
7
Let i be -6*(-5)/(-18)*-3. Let d(x) = x**2 - 3*x - 11. Calculate d(i).
-1
Let b(x) be the first derivative of x**2 + 24*x + 235. Give b(-8).
8
Let b(z) = -9*z - 72. Let k(o) = 7*o + 53. Let j(u) = 3*b(u) + 4*k(u). Let p(w) = -w**3 - w + 6. Let m be p(0). Calculate j(m).
2
Suppose 4 = -2*j - 2*o - 0, -o + 5 = 0. Let y(f) = f**2 + 7*f + 12. Let p(t) = t**2 + 7*t + 13. Let i(h) = 6*p(h) - 7*y(h). Determine i(j).
-6
Suppose 3*f + 3*w - 15 = 0, -4*f = 3*w + 2*w - 23. Let i(g) = 1 - g + 2 - g**f - 4 + 3*g. What is i(1)?
0
Let o(g) = 3*g + 2. Suppose 3*r + 5 = -b - b, 5*r = 3*b - 21. Suppose -h - b*y = 6, 2*h - 8 = h + 5*y. What is o(h)?
-4
Suppose 11 = -r + q, -3*r + 6*r + 23 = q. Let g(i) = -i**2 - 8*i - 16. Calculate g(r).
-4
Let f(p) = -p**3 + 9*p**2 - 9*p + 5. Suppose 3*x + x = 0. Suppose x*g + g = 15. Suppose -41 + g = -2*n + 2*z, 2*n - 36 = 4*z. Determine f(n).
-3
Let p(m) be the third derivative of m**5/60 + m**4/24 - m**3/6 - m**2. Let q be (-2)/((3/4)/((-45)/(-30))). What is p(q)?
11
Let f(q) be the first derivative of 2*q + 4 + 1/4*q**4 + 4/3*q**3 + q**2. Determine f(-3).
5
Let s be 6/12*7/(7/(-4)). Let t(b) = 7*b + 4. Give t(s).
-10
Let p(l) = l - 10. Let n(i) = -2*i + 11. Let b be (-8)/2*1/(-2). Let a(x) = b*n(x) + 3*p(x). What is a(-7)?
-1
Let k(z) be the third derivative of z**6/120 - z**5/6 - z**4/24 + 11*z**3/6 + 21*z**2 + 3*z. What is k(10)?
1
Let t(b) be the second derivative of -b**6/120 - b**5/12 - b**4/24 - b**3/3 - 47*b**2/2 - 9*b - 3. Let j(s) be the first derivative of t(s). Give j(-3).
-17
Let m(n) = n**2. Let p(i) = -4*i**2 - 6*i - 6. Let g(x) = 3*m(x) + p(x). Let c be g(-4). Let o(s) = -c*s + 1 + 1 + 2 - 7. Give o(5).
-13
Let a(w) = -4*w - 1. Let c be (-2 + (-9)/(-6))*196/(-7). Let d be ((-2)/(-4))/((c/12)/(-7)). Give a(d).
11
Let l(w) be the second derivative of w**5/20 + w**4/12 - 5*w**3/6 + 2*w**2 + 11*w + 1. Give l(-3).
1
Let m(d) be the second derivative of -d**3/6 + 2*d**2 + d. Let l be m(6). Let i(x) = 2364 - 4*x - x**2 - 4731 + 2364. Give i(l).
1
Let u(w) = -3*w - 9. Let z = -21 + 14. Let c = -5 - z. Suppose 0 = 3*q - 3*x + 18, q - 7*x + 6 = -c*x. Calculate u(q).
9
Let i be (-53)/1*(1 - (-1 - -4)). Let w = 110 - i. Let m(t) be the third derivative of -t**5/60 + t**4/4 - t**3/3 + t**2. What is m(w)?
6
Let s(c) = 3*c**3 + 3*c**2 + c - 1. Let n(b) = -6*b**3 - 5*b**2 - 2*b + 2. Suppose 6 = 5*q - 3*q. Let m(u) = q*n(u) + 5*s(u). Calculate m(1).
-3
Let j be -2*(2/4)/(-1). Let i(o) be the third derivative of -11*o**4/24 - o**3/6 + 806*o**2. Calculate i(j).
-12
Let b(f) = -f**3 + 5*f**2 + 10*f - 9. Let s = -104 - -111. Give b(s).
-37
Suppose -375 = -5*z + 225. Let k(g) = -117 + 3*g + 238 - z. Determine k(2).
7
Suppose -312 + 375 = -7*j. Let h(f) = f**2 + 8*f - 1. Give h(j).
8
Suppose 0 = -2*p - 0*p. Suppose -4 = -2*t - p*t. Let c(f) = -23*f - 7*f**t + 2 - f**3 + 19*f + 2. What is c(-6)?
-8
Let m(i) = -i**2 - 12*i - 15. Suppose 2*s - 27 = -3*a, -2*s + a + 14 = -17. Suppose 0 = -3*p - 15, 5*p + s = b - 0*p. Determine m(b).
5
Let g(n) = 23 - 18 - 8 - n**2 + 2*n**3 + 2*n. What is g(2)?
13
Let i(x) = -x + 11. Let o be (14 - 6 - 7)/((-2)/(-10)). Calculate i(o).
6
Let u(o) = -o + 3. Let f(y) = 3*y - 8. Let i = 80 - 72. Let w(q) = i*u(q) + 3*f(q). Give w(1).
1
Let r(s) = -s**3 + 16*s**2 - 36*s**2 + 29*s**2. What is r(9)?
0
Let r(n) = -n**2 + 3*n - 1. Let g = -6 + 12. Suppose -g = -3*z + z. Calculate r(z).
-1
Let r(k) = 5*k**3 - 14*k**2 - 7*k + 2. Let t(x) = -x**3 + x**2 - 1. Let u(s) = r(s) + 6*t(s). Give u(-7).
-4
Suppose -x - 3*u = 2*x - 42, -15 = -5*u. Let j(p) = 13*p**2 - 2. Let q(z) = 7*z**2 - 1. Let d(o) = x*q(o) - 6*j(o). Calculate d(5).
-24
Suppose -1 - 4 = -3*h + 2*l, 0 = 4*h - 4*l - 8. Let a(s) = 2*s + h + 3 + 0. Suppose 2*m = 2*t + 2*t - 4, t = -1. Calculate a(m).
-4
Suppose 3*j = j + 3*s + 5, -22 = -5*j - 2*s. Let l be j + ((-2)/1 - -1). Let y(z) = 12*z - l + 0 - 6*z + z**2. Give y(-5).
-8
Suppose -n + 0*h = h - 5, 0 = 4*h - 12. Let f(a) = 2*a + a - 9 - n*a. Let g(s) = -s**3 + 12*s**2 + 12*s + 17. Let p be g(13). Give f(p).
-5
Let y(v) = -v**2 + 4*v - 2. Let x(p) = p**2 - 5*p + 4. Let f(q) = 3*x(q) + 2*y(q). What is f(9)?
26
Let r(a) = -a - 18. Suppose -4*t + b = 35, -32*t + 34*t + 25 = 3*b. Determine r(t).
-10
Suppose 3 - 7 = -2*l. Let z be 1*((-2)/(-3) - 168/(-18)). Let o(i) = 6*i + 0*i + 5 - 9*i**2 + z*i**l. What is o(-5)?
0
Let f be (-2)/9 - (6 - 1813/(-63)). Let q = 43 + f. Let n(b) = b - 2. Give n(q).
6
Let t(v) = -v**3 + 7*v**2 - 6*v + 6. Let a be -2 - (-55 - -7)/6. Determine t(a).
6
Let y be (6/12)/((-1)/(-2)). Let g be y/((-4 - -8)/(-16)). Let a(q) = -q - 4*q**3 - 4*q - 2*q - 6*q**2 + 3*q**3 - 4. What is a(g)?
-8
Suppose 10 - 2 = 4*s. Let u(v) = 4*v - 5. Let f(d) = 21*d - 26. Let x(c) = s*f(c) - 